{"id":648,"date":"2024-02-07T21:19:42","date_gmt":"2024-02-07T21:19:42","guid":{"rendered":"https:\/\/rovira.mx\/?post_type=product&#038;p=648"},"modified":"2024-02-07T21:25:03","modified_gmt":"2024-02-07T21:25:03","slug":"muro-expandible","status":"publish","type":"product","link":"https:\/\/rovira.mx\/index.php\/product\/muro-expandible\/","title":{"rendered":"Muro Expandible Publicitario 300 x 225 cm"},"content":{"rendered":"<p>Muro Expandible Medidas: 300 X 225 Cm<br \/>\n\u00a1\u00c1rmalo en menos de un minuto \u00a1<br \/>\nAs\u00ed de f\u00e1cil<br \/>\nNo requiere de herramientas<br \/>\nF\u00e1cil de transportar y almacenar.<\/p>\n<p>Uso Vers\u00e1til: Expos, Chroma Key, Backs Fotogr\u00e1ficos, Escenograf\u00edas, Publicidad y Promoci\u00f3n en general.<\/p>\n<p>Incluye:<br \/>\nUn Muro Expandible de 300 x 225 cm.<br \/>\nUna Funda de loneta para guardarlo y transportarlo.<br \/>\nInstructivo.<br \/>\nEspecificaciones:<br \/>\nMaterial: Estructura de aluminio y Bolsa de loneta.<\/p>\n<p>Contamos con otras medidas:<br \/>\n.75 X 2.25 m<br \/>\n1.50 X 2.25 m<br \/>\n2.25 X 2.25 m<br \/>\n3.00 X 2.25 m<\/p>\n<p>Tipo de impresi\u00f3n: Lona de 13 oz., Sublimaci\u00f3n en tela.<\/p>\n","protected":false},"excerpt":{"rendered":"<p>Muro Expandible Medidas: 300 X 225 Cm<br \/>\n\u00a1\u00c1rmalo en menos de un minuto \u00a1<br \/>\nAs\u00ed de f\u00e1cil<br \/>\nNo requiere de herramientas<br \/>\nF\u00e1cil de transportar y almacenar.<br \/>\nUso Vers\u00e1til: Expos, Chroma Key, Backs Fotogr\u00e1ficos, Escenograf\u00edas, Publicidad y Promoci\u00f3n en general.<\/p>\n","protected":false},"featured_media":649,"comment_status":"open","ping_status":"closed","template":"","meta":{"site-sidebar-layout":"default","site-content-layout":"","ast-site-content-layout":"default","site-content-style":"default","site-sidebar-style":"default","ast-global-header-display":"","ast-banner-title-visibility":"","ast-main-header-display":"","ast-hfb-above-header-display":"","ast-hfb-below-header-display":"","ast-hfb-mobile-header-display":"","site-post-title":"","ast-breadcrumbs-content":"","ast-featured-img":"","footer-sml-layout":"","ast-disable-related-posts":"","theme-transparent-header-meta":"default","adv-header-id-meta":"","stick-header-meta":"","header-above-stick-meta":"","header-main-stick-meta":"","header-below-stick-meta":"","astra-migrate-meta-layouts":"set","ast-page-background-enabled":"default","ast-page-background-meta":{"desktop":{"background-color":"var(--ast-global-color-4)","background-image":"","background-repeat":"repeat","background-position":"center center","background-size":"auto","background-attachment":"scroll","background-type":"","background-media":"","overlay-type":"","overlay-color":"","overlay-opacity":"","overlay-gradient":""},"tablet":{"background-color":"","background-image":"","background-repeat":"repeat","background-position":"center center","background-size":"auto","background-attachment":"scroll","background-type":"","background-media":"","overlay-type":"","overlay-color":"","overlay-opacity":"","overlay-gradient":""},"mobile":{"background-color":"","background-image":"","background-repeat":"repeat","background-position":"center center","background-size":"auto","background-attachment":"scroll","background-type":"","background-media":"","overlay-type":"","overlay-color":"","overlay-opacity":"","overlay-gradient":""}},"ast-content-background-meta":{"desktop":{"background-color":"var(--ast-global-color-5)","background-image":"","background-repeat":"repeat","background-position":"center center","background-size":"auto","background-attachment":"scroll","background-type":"","background-media":"","overlay-type":"","overlay-color":"","overlay-opacity":"","overlay-gradient":""},"tablet":{"background-color":"var(--ast-global-color-5)","background-image":"","background-repeat":"repeat","background-position":"center center","background-size":"auto","background-attachment":"scroll","background-type":"","background-media":"","overlay-type":"","overlay-color":"","overlay-opacity":"","overlay-gradient":""},"mobile":{"background-color":"var(--ast-global-color-5)","background-image":"","background-repeat":"repeat","background-position":"center center","background-size":"auto","background-attachment":"scroll","background-type":"","background-media":"","overlay-type":"","overlay-color":"","overlay-opacity":"","overlay-gradient":""}}},"product_brand":[],"product_cat":[15],"product_tag":[],"class_list":{"0":"post-648","1":"product","2":"type-product","3":"status-publish","4":"has-post-thumbnail","6":"product_cat-uncategorized","7":"desktop-align-center","8":"tablet-align-left","9":"mobile-align-left","11":"first","12":"instock","13":"sale","14":"taxable","15":"shipping-taxable","16":"purchasable","17":"product-type-simple"},"aioseo_notices":[],"jetpack_sharing_enabled":true,"_links":{"self":[{"href":"https:\/\/rovira.mx\/index.php\/wp-json\/wp\/v2\/product\/648","targetHints":{"allow":["GET"]}}],"collection":[{"href":"https:\/\/rovira.mx\/index.php\/wp-json\/wp\/v2\/product"}],"about":[{"href":"https:\/\/rovira.mx\/index.php\/wp-json\/wp\/v2\/types\/product"}],"replies":[{"embeddable":true,"href":"https:\/\/rovira.mx\/index.php\/wp-json\/wp\/v2\/comments?post=648"}],"wp:featuredmedia":[{"embeddable":true,"href":"https:\/\/rovira.mx\/index.php\/wp-json\/wp\/v2\/media\/649"}],"wp:attachment":[{"href":"https:\/\/rovira.mx\/index.php\/wp-json\/wp\/v2\/media?parent=648"}],"wp:term":[{"taxonomy":"product_brand","embeddable":true,"href":"https:\/\/rovira.mx\/index.php\/wp-json\/wp\/v2\/product_brand?post=648"},{"taxonomy":"product_cat","embeddable":true,"href":"https:\/\/rovira.mx\/index.php\/wp-json\/wp\/v2\/product_cat?post=648"},{"taxonomy":"product_tag","embeddable":true,"href":"https:\/\/rovira.mx\/index.php\/wp-json\/wp\/v2\/product_tag?post=648"}],"curies":[{"name":"wp","href":"https:\/\/api.w.org\/{rel}","templated":true}]}}